2 + 34*o - 10. Calculate h(11).
1
Let o(a) = 1330*a - 3998. Calculate o(3).
-8
Let j(c) = -11*c - 101. What is j(-9)?
-2
Let p(c) = c**3 - 8*c**2 - 4589*c + 18416. Calculate p(4).
-4
Let c(g) = 17148*g + 68585. Give c(-4).
-7
Let t(x) = -x**2 - 22*x - 95. What is t(-12)?
25
Let w(x) = -408*x - 5827. Give w(-14).
-115
Let s(d) = 204*d**2 + 209*d. Calculate s(-1).
-5
Let n(k) = 3*k**2 + 8*k + 30. Determine n(-12).
366
Let s(c) = c**3 - 31*c**2 + 38*c + 409. Give s(29).
-171
Let a(b) = -2*b**2 - 38*b + 105. Calculate a(-21).
21
Let k(g) = g**2 - 26*g + 190. Determine k(0).
190
Let b(z) = -2*z**2 + 13*z + 22. What is b(7)?
15
Let z(a) = -a**3 + 60*a**2 - 4*a + 147. Calculate z(60).
-93
Let o(l) = -23*l**2 + 21*l + 77. Give o(-3).
-193
Let o(v) = v**3 - 41*v**2 + 38*v + 77. Give o(40).
-3
Let x(p) = p**3 + 9*p**2 - 53*p - 106. What is x(-13)?
-93
Let a(d) = -d**3 + 4*d**2 + 139*d + 15. What is a(14)?
1
Let u(z) = z**3 + 21*z**2 + 261*z + 7070. Calculate u(-23).
9
Let x(u) = 2*u**2 - 1959*u + 9749. Calculate x(5).
4
Let f(u) = -u**2 - 65*u - 618. Give f(-53).
18
Let i(y) = -3*y + 8. Give i(7).
-13
Let v(y) = 41*y**2 - 242*y + 186. Calculate v(5).
1
Let s(k) = 288*k + 21579. Determine s(-75).
-21
Let q(a) = 409*a + 9402. Determine q(-23).
-5
Let s(u) = -10*u**2 - 14*u - 30. Calculate s(-3).
-78
Let p(b) = -4*b**2 - 755*b - 1318. What is p(-187)?
-9
Let x(h) = -10*h - 58. Calculate x(6).
-118
Let b(w) = 2*w**2 - 80*w + 85. Calculate b(39).
7
Let u(j) = 35*j**3 - 11*j - 18. Calculate u(-2).
-276
Let l(g) = -4*g**2 - 247*g - 191. Give l(-61).
-8
Let i(p) = 4*p**2 - 637*p + 1883. Determine i(3).
8
Let l(r) = -17*r + 198. Calculate l(14).
-40
Let p(x) = x**2 + 46*x + 230. What is p(-10)?
-130
Let b(r) = -r**3 + 49*r**2 - 13*r + 633. Calculate b(49).
-4
Let i(m) = -5*m**3 - 297*m**2 + 809*m + 168. Give i(-62).
-18
Let c(v) = 8676*v + 8675. Calculate c(-1).
-1
Let c(s) = -s**3 - 28*s**2 + 56*s - 1143. What is c(-31)?
4
Let r(k) = 33*k**3 + 6*k**2 - 4. Calculate r(-2).
-244
Let x(l) = -93*l**2 - 13*l. Calculate x(-1).
-80
Let f(t) = -7296*t - 7308. Determine f(-1).
-12
Let w(k) = -2*k**3 + 7*k**2 - 42*k + 278. Give w(6).
-154
Let d(u) = -358*u - 33307. What is d(-93)?
-13
Let u(t) = t**3 - 33*t**2 - t - 95. Calculate u(33).
-128
Let l(s) = -4*s**2 - 29*s - 9. Give l(-7).
-2
Let m(q) = -q**3 + 122*q**2 + 468*q + 4542. What is m(126)?
6
Let i(m) = -m**3 + 178*m**2 - 1840*m - 20. Calculate i(11).
-53
Let j(r) = 122*r - 351. Give j(3).
15
Let q(m) = -2*m**2 + 40*m - 203. Calculate q(5).
-53
Let u(o) = o**2 + 71*o - 215. Give u(-72).
-143
Let g(l) = -l**3 - 89*l**2 - 86*l + 66. What is g(-88)?
-110
Let g(u) = 3*u**2 - 160*u - 1295. What is g(60)?
-95
Let y(d) = -d**3 + 25*d**2 + 85*d - 33. Give y(28).
-5
Let s(f) = 7*f**2 - 95*f - 3. Calculate s(0).
-3
Let v(g) = -30*g - 52. Determine v(-6).
128
Let n(k) = 20*k - 1887. Calculate n(95).
13
Let y(z) = z**3 - 38*z**2 + 74*z - 128. Calculate y(36).
-56
Let v(x) = -3*x**3 + 28*x**2 + 80*x - 13. Determine v(-4).
307
Let s(g) = -g**3 + 17*g**2 - 8*g - 417. Calculate s(15).
-87
Let y(c) = -3*c**2 - 2*c + 12. Give y(7).
-149
Let d(q) = 3*q**3 - 22*q**2 - 19*q + 49. What is d(8)?
25
Let z(j) = -40*j**2 - 171*j + 175. Give z(-5).
30
Let m(y) = -y**3 - 8*y**2 + 17*y + 8. What is m(-9)?
-64
Let r(w) = w**2 - 4*w - 1002. Determine r(-30).
18
Let l(k) = 6*k**2 - 92*k + 67. Determine l(14).
-45
Let x(c) = c**2 - 220*c + 2491. Calculate x(12).
-5
Let y(x) = x**3 - 15*x**2 - 10*x + 112. Determine y(13).
-356
Let n(f) = 18*f**3 - 5*f**2 + 3*f - 1. Calculate n(1).
15
Let w(c) = -c**2 - 136*c - 2366. Give w(-116).
-46
Let i(s) = -s**2 + 33*s - 36. Determine i(26).
146
Let q(t) = 19*t**2 - t - 5. Determine q(2).
69
Let l(j) = 41*j - 325. Determine l(10).
85
Let y(c) = -23*c**3 + 76*c**2 - 70*c - 4. Calculate y(1).
-21
Let b(h) = -h**3 + 6*h**2 + 28*h - 38. Calculate b(-4).
10
Let j(h) = 22*h + 941. Calculate j(-45).
-49
Let a(n) = n**3 + 60*n**2 - 619*n - 82. What is a(-69)?
-220
Let q(o) = o**2 - 53*o - 259. Calculate q(57).
-31
Let o(i) = -i**2 + 59*i - 529. Calculate o(49).
-39
Let w(p) = -p**3 + 6*p**2 - 5*p - 7. What is w(2)?
-1
Let x(l) = l**3 + 4*l**2 + 2*l - 24. Calculate x(-5).
-59
Let n(j) = 4*j**2 - 27*j - 113. Calculate n(-4).
59
Let p(w) = -w**2 - 49*w - 533. What is p(-32)?
11
Let g(i) = -16*i + 394. Determine g(28).
-54
Let o(b) = -b**2 + 16*b + 20. Give o(15).
35
Let h(n) = 9*n + 126. What is h(-35)?
-189
Let z(i) = -4*i**2 + 39*i - 136. Determine z(5).
-41
Let g(h) = -h**2 - 141*h + 1042. What is g(7)?
6
Let n(o) = 84*o**3 - 22*o**2 + 25*o - 2. Calculate n(1).
85
Let r(n) = -n**2 + 22*n - 33. Give r(15).
72
Let h(w) = 568*w + 20396. Determine h(-36).
-52
Let q(y) = -57*y + 2821. What is q(49)?
28
Let g(c) = 34*c**3 - c**2 - 28*c - 28. What is g(-1)?
-35
Let i(w) = -3*w**2 + 8*w + 27. What is i(5)?
-8
Let l(k) = -43*k - 363. Give l(6).
-621
Let k(a) = 10*a**2 + 8*a + 6. Calculate k(-2).
30
Let v(b) = b**2 + 59*b + 146. What is v(-57)?
32
Let w(c) = -95*c + 1033. Determine w(11).
-12
Let h(k) = 1097*k + 27. What is h(0)?
27
Let z(y) = 384*y - 13051. Determine z(34).
5
Let a(p) = -p**3 + 20*p**2 + p + 25. Calculate a(20).
45
Let t(c) = -25*c + 512. Determine t(21).
-13
Let m(x) = x**3 - 18*x**2 + 23*x + 45. Determine m(17).
147
Let a(r) = 78*r + 9193. What is a(-118)?
-11
Let g(j) = -2*j**3 + j**2 + 8*j + 8. Determine g(0).
8
Let m(w) = 92*w + 1361. Calculate m(-15).
-19
Let j(g) = 34*g + 33. Calculate j(-3).
-69
Let j(y) = y**3 + 12*y**2 - 520*y - 356. Give j(18).
4
Let f(u) = 41*u + 706. What is f(-17)?
9
Let u(z) = 11*z + 45. What is u(-13)?
-98
Let z(i) = i**3 + i**2 - 16*i + 9. Give z(3).
-3
Let u(a) = -74*a - 205. Determine u(-3).
17
Let y(i) = -i**3 - 6*i**2 - 7*i + 11. Determine y(-5).
21
Let m(q) = -q**2 + 24*q + 1079. Calculate m(47).
-2
Let o(x) = 143*x - 281. Calculate o(2).
5
Let c(k) = k**3 + 74*k**2 + 75*k + 146. Give c(-73).
0
Let i(g) = -400*g - 4390. Calculate i(-11).
10
Let o(c) = -224*c + 102. Give o(2).
-346
Let p(d) = -161*d**3 - 1286*d**2 + 9*d - 57. Calculate p(-8).
-1
Let m(v) = 672*v - 1334. Determine m(2).
10
Let w(u) = 2*u**3 - 263*u**2 - 137*u + 663. Give w(132).
3
Let j(t) = 155*t + 116. What is j(-2)?
-194
Let b(c) = -59*c + 1514. Give b(32).
-374
Let g(f) = f**3 - 105*f**2 + 11*f + 5. Calculate g(0).
5
Let k(h) = h**3 - 8*h**2 - 22*h + 133. Calculate k(9).
16
Let i(m) = -29*m - 415. Calculate i(-14).
-9
Let x(q) = -5*q**2 - 246*q + 3589. What is x(-61)?
-10
Let r(l) = -29*l - 694. Give r(-24).
2
Let j(g) = -g**3 + 25*g**2 + 29945*g - 156. Determine j(-161).
5
Let t(x) = 2*x**2 - 41*x + 220. Calculate t(23).
335
Let s(y) = 382*y + 19115. Calculate s(-50).
15
Let k(r) = -3*r**2 + 56*r + 47. Give k(20).
-33
Let b(u) = 158*u + 968. What is b(-6)?
20
Let t(v) = -412*v + 1108. Give t(3).
-128
Let a(t) = 3*t**2 + 52*t - 232. Give a(4).
24
Let h(v) = -2*v - 249. Determine h(-7).
-235
Let t(g) = g**3 - 6*g**2 - 61*g + 358. What is t(7)?
-20
Let v(l) = -l**3 + 19*l**2 - 50*l + 44. What is v(16)?
12
Let d(c) = -c**2 + 227*c - 2167. What is d(10)?
3
Let i(n) = -98*n - 157. Give i(12).
-1333
Let m(j) = 295*j - 1828. Determine m(6).
-58
Let a(d) = -364*d - 16749. What is a(-46)?
-5
Let p(b) = 2*b**3 + 20*b**2 + 45*b - 2. Calculate p(-3).
-11
Let r(h) = h**3 + 132*h**2 + 1333*h - 8. Give r(-11).
-30
Let s(v) = v**3 - 59*v**2 + 94*v - 2107. What is s(58)?
-19
Let t(v) = 231*v - 6905. Give t(30).
25
Let b(d) = 3*d**3 - 9*d**2 - 6*d - 5. Determine b(4).
19
Let p(u) = -8*u**3 - 11*u**2 - 5*u + 49. Give p(4).
-659
Let p(q) = -3*q**2 + 27*q - 49. Determine p(7).
-7
Let o(u) = -u**3 + 8*u**2 - 11*u - 18. Give o(9).
-198
Let d(b) = 28*b - 75. Calculate d(11).
233
Let z(h) = -23*h + 1724. Determine z(74).
22
Let m(t) = 2*t**3 - 39*t**2 + 47*t + 36. What is m(18)?
-90
Let o(h) = 641*h - 10227. Give o(16).
29
Let h(y) = 24*y - 9. Give h(-9).
-225
Let q(r) = r**3 - 19*r**2 + 85*r - 2. Give q(14).
208
Let c(y) = -2*y**3 - 59*y**2 - 87*y - 80. Determine c(-28).
4
Let a(b) = 2*b**3 + 15*b**2 + 116*b + 597. Give a(-6).
9
Let i(n) = -4*n**2 + 191*n - 190. Give i(1).
-3
Let f(x) = -4*x + 78. Calculate f(-10).
118
Let f(l) = 2*l**2 + 35*l + 18. Calculate f(-15).
-57
Let j(m) = -3*m**2 + 70*m - 22. Give j(23).
1
Let r(